 44. What are the prime factors of b?
2
Suppose -3*x + 3 = -6*x, 5*x = g - 22. Let t = 22 - g. List the prime factors of t.
5
Let i = -274 + 116. Let c be i/(-18) - (-6)/27. Let s = c + -4. List the prime factors of s.
5
Suppose -4*i = -3*l - 45, 0*i = 5*l - 3*i + 64. Let k = l + 12. Suppose -2 - k = -j. What are the prime factors of j?
3
Suppose -12 = -d + 5*q, 0*q + 8 = -4*q. Suppose -3 = 3*y - 3*n, 0 = 3*y + d*y - 4*n + 1. Suppose 4*c + y = 11. List the prime factors of c.
2
Let j(t) = 2*t**3 - 9*t**2 + 9*t + 7. Let u(o) = o**2 + 4 - 6*o**2 - 2*o + o**3 + 7*o. Let y(w) = 3*j(w) - 5*u(w). List the prime factors of y(2).
5
Let m be (0/2)/1 - 3. Let h be (4/m)/((-8)/96). Let b = h + -8. What are the prime factors of b?
2
Let s(m) = 2*m + 8. What are the prime factors of s(9)?
2, 13
Suppose -2*m = 10, 75 = 5*s - 3*m - 0*m. List the prime factors of s.
2, 3
Suppose 5*s = 5*c - 0*c + 540, -5*s + 3*c + 548 = 0. List the prime factors of s.
2, 7
Let t(m) be the third derivative of -m**5/60 - 5*m**4/12 - 4*m**3/3 - 4*m**2. Let u be t(-6). Let l = -11 + u. List the prime factors of l.
5
Suppose 0*r = -r + 27. Let o = r - 15. What are the prime factors of o?
2, 3
Suppose 0*g - 2*g = -4*d - 44, -d - 56 = -3*g. What are the prime factors of g?
2, 3
Let m(j) = 73*j**2 - 4. List the prime factors of m(2).
2, 3
Let p(n) = n**2 + 11*n - 3. List the prime factors of p(-13).
23
Let t = 24 - 15. Suppose 0 = -2*m - 2*b - 1 + 3, -b + t = -m. Let p = m - -7. List the prime factors of p.
3
Let f(m) = -2*m + 13. Suppose -12 - 1 = x. What are the prime factors of f(x)?
3, 13
Let t(r) = -4*r - 9. Let c(b) = -b - 2. Let d(u) = 9*c(u) - 2*t(u). Let o be 13/(-5) - (-3)/5. List the prime factors of d(o).
2
Suppose 0 = -d - 6*d + 126. What are the prime factors of d?
2, 3
What are the prime factors of 6 - (6 + -3) - -11?
2, 7
List the prime factors of (155/20)/(1/4).
31
Suppose 0*s - 5*x = -3*s + 184, -310 = -5*s + 5*x. What are the prime factors of s?
3, 7
Suppose 5*t + 14 = -3*j, 2*j + 4*t + 20 = 4*j. List the prime factors of j.
2
Let w(d) = d**3 + 8*d**2 + 6*d - 8. Let f be w(-7). Let a be ((0 - 0) + f)*-3. Suppose 2*x = -a*h + 4*h - 3, 0 = 4*h - 5*x - 24. List the prime factors of h.
11
Let z(s) = s + 4. Let t = -12 - -28. Let w = -10 + t. What are the prime factors of z(w)?
2, 5
Suppose 2*j = -0*j + 42. Let z(u) = -2*u - 3. Let y be z(-3). Suppose 16 = y*t + 2*p, t - 2*p + 5 - j = 0. What are the prime factors of t?
2
Suppose 0*i - 5*i = -20. Let q be (30/i)/(1/2). Suppose -4*y - 2*n + 22 = 0, 7*n = 4*y + 2*n - q. List the prime factors of y.
5
Let r = 155 - 85. What are the prime factors of r?
2, 5, 7
Let z = 6 + 13. Suppose -20 = -4*l - 3*p, 2*l - z + 3 = -3*p. Suppose -l*x + 7 = -x. List the prime factors of x.
7
Let o(r) = -r**2 - 8*r - 8. Let t be o(-6). Suppose 0 = -t*n - 0*n. Suppose -k + n*c = -c - 6, -4*k = 5*c - 24. What are the prime factors of k?
2, 3
Let p be -1 + (2 - 3/3). Suppose 3*c = -p*c + 51. What are the prime factors of c?
17
Let i(f) = -f**2 + 22*f - 23. List the prime factors of i(18).
7
Suppose 4*j - 425 = 3*h, 2*j + 3*j = -2*h + 537. List the prime factors of j.
107
Let l = -320 + 56. Let i(a) = 3*a**3 + 3*a**2 - a - 8. Let t be i(-2). What are the prime factors of l/t + (-1)/(-3)?
3, 5
Suppose -2*q + 24 = q. Let v = 30 - q. What are the prime factors of v?
2, 11
Suppose -5*s - 2*c + 19 + 11 = 0, 5*c = -3*s + 37. What are the prime factors of s?
2
List the prime factors of (-1 + 0 - -47)*6/4.
3, 23
Let o(s) = -s - 7. Let a be (-16)/2*1 + -3. What are the prime factors of o(a)?
2
Let o(p) = -p**3 + 5*p**2 - 3*p + 3. Let z be o(3). List the prime factors of (z/8)/((-3)/(-20)).
2, 5
Suppose 2*t + 2*p - 99 = -p, t - 46 = -5*p. List the prime factors of t.
3, 17
What are the prime factors of (-90 - 0/2)/(-19 - -18)?
2, 3, 5
Suppose 2*m - 3*f + 30 = -3*m, 5*m + 30 = -2*f. List the prime factors of (-3)/6 + (-69)/m.
11
Suppose 0 = q + 5*k - 21, -4*q + 5*q - 33 = -k. Let w = q - 50. What are the prime factors of (-4)/28 + (-86)/w?
2, 3
Let u = 410 + -191. What are the prime factors of u?
3, 73
Suppose 0 = -5*a - u + 192, -3*u + 6*u + 184 = 5*a. List the prime factors of a.
2, 19
Let d(c) = c**3 - c**2 + c + 31. Let z be d(0). Suppose -3*b + l + z + 13 = 0, -4*l = 2*b - 48. List the prime factors of b.
2
Let y(i) = -i**2 - 8*i - 1. Let p be y(-7). Let o be -30*(-4)/p - 1. Suppose o = n - 0*n. What are the prime factors of n?
19
Let a be 1/(-3) - (-942)/18. Let s = -6 - -13. List the prime factors of s*(a/14 + -2).
2, 3
Let v(o) = o**2 + 7*o + 6. List the prime factors of v(-7).
2, 3
List the prime factors of (-12)/7*(-21)/6.
2, 3
Let l(r) = -r - 2. Let w be l(-6). Suppose 0 = -w*n - 0*k + 3*k + 26, -2*k + 28 = 3*n. What are the prime factors of n?
2
Let h(m) = -3*m**2 + 37*m - 7. List the prime factors of h(5).
103
What are the prime factors of 1 + -1 + (5 - -8)?
13
Let y = -3 + 5. Suppose 5*g = -v - 15, y*g = -3*v + 1 - 7. Let n(i) = -i**2 + i + 16. List the prime factors of n(v).
2
Let f(s) = -s**3 - 2*s**2 + 7*s + 6. Let o(y) = 4*y**3 - 2*y**2 + 1. Let d be o(-1). Let m(h) = 2*h + 6. Let l be m(d). List the prime factors of f(l).
2, 5
Suppose -20 = -5*b - 5. List the prime factors of b.
3
Let n(z) = -3 + z**2 - z**2 - 3*z + 0*z - 3*z**2 + 2*z**3. List the prime factors of n(3).
3, 5
Let v(c) = 5*c + 72. List the prime factors of v(24).
2, 3
Suppose 2*m + 13 = j + 5*m, 3*j + 4*m - 24 = 0. Suppose 0*v = 2*v - 4*s - 4, -v + 14 = j*s. Suppose 3*x + v = 5*x. List the prime factors of x.
3
Suppose 3*t + 79 = -4*q - 14, 2*t + 5*q + 69 = 0. Suppose 5*p = 4*d - 240, 2*p + 4*d + 68 = -0*p. Let k = t - p. What are the prime factors of k?
17
Let j = 2 + -2. Suppose j = 3*r - 7*r + 24. What are the prime factors of r?
2, 3
Suppose 0*l - 5*l = 2*v - 19, l - 4*v - 17 = 0. Suppose -l*x = -x - 28. What are the prime factors of x?
7
Let i be (18/(-4) - -3)*-2. Suppose -8*w + i*w = -60. What are the prime factors of w?
2, 3
Let m be (-6)/(-4) - (-1)/(-2). Suppose -4*q + 5 = m. List the prime factors of 8 - (2 + 0) - q.
5
Let t = -5 + 8. Suppose 2*n + 8 = t*n. List the prime factors of n.
2
Let z(m) = -8*m - 2 + 0*m - 2*m - m**2. What are the prime factors of z(-8)?
2, 7
Let g(z) = -z**3 - z**2 + z + 1. Let u be g(-1). Suppose y = 4*n - 105, 3*n - 3*y - 27 - 63 = u. List the prime factors of n.
5
Let l(f) = f**2 - f + 13. Suppose -5*x - 10 = 3*v, -2*x + 0*x - 4 = 2*v. What are the prime factors of l(v)?
13
Let g = 11 - 6. Suppose 3*k - 34 = -0*k + g*b, 2*k = -2*b + 12. Let t(s) = s**2 - 6*s - 8. What are the prime factors of t(k)?
2
Let y = 8 - 6. Let f be 1 - 2 - (-1 + y). What are the prime factors of 0 + f + (-8)/(-1)?
2, 3
Let u = -3 + 3. Let s be 18/3 + u + 1. Suppose 0 = -l + 2*x - s, 3*l - 29 = -2*x - 10. List the prime factors of l.
3
Let x(m) = -m**2 + 13*m + 11. Let v be x(12). Suppose -2*g = -5*h - v, -h = 3*g - 5*h - 31. List the prime factors of g.
3
Let w = 5 + 21. Suppose 0 = h - 3*o - 13, -5*h + w = -0*o - 2*o. Suppose 5*t - h*t - 12 = 0. List the prime factors of t.
2, 3
Let d(s) = -s + 1. Let u be d(-1). Let v be u/(-6) + 2/6. Suppose v = -3*m + 12 - 3. What are the prime factors of m?
3
Let x = 26 + -16. Suppose -5*o + o - 40 = -4*y, 5*o = -5*y + x. List the prime factors of y.
2, 3
Let f(q) = -q**2 - 10*q - 9. Let h be f(-8). Suppose -4*o = -h*o + 36. What are the prime factors of o?
2, 3
Suppose -a = a - 184. Suppose -m = 5*j - a, 2*j - 4*m - 69 = -j. What are the prime factors of j?
19
Suppose 3*a = 3*l - 0*l + 102, -170 = -5*a + 4*l. What are the prime factors of a?
2, 17
Suppose 2*a + 1 = -9. Let x(y) be the first derivative of -y**2 + 2*y + 1. What are the prime factors of x(a)?
2, 3
Let h(y) = 10*y**2 + 2*y + 2. Let o(z) = z - 15. Let p be o(13). Let b be h(p). Suppose -5*t = -12 - b. List the prime factors of t.
2, 5
Let o(i) = -i**3 + i**2 - i. Let c be o(0). Let a be 13*(0 + c + -1). Let v = -1 - a. List the prime factors of v.
2, 3
Suppose -2*q = -56 - 40. List the prime factors of q.
2, 3
Suppose 4*r = -r + 1085. List the prime factors of r.
7, 31
Suppose 2 + 6 = 4*s. What are the prime factors of s?
2
Let q = 4 - 1. Let g be (q/2)/(3/6). Suppose -2*z + g*z = 5. What are the prime factors of z?
5
Let g(x) = -x**3 + 15. Let n be 4/